{"id":96,"date":"2025-03-28T00:29:57","date_gmt":"2025-03-27T23:29:57","guid":{"rendered":"https:\/\/www.soter-conseil.fr\/?page_id=96"},"modified":"2025-04-04T22:07:51","modified_gmt":"2025-04-04T20:07:51","slug":"nos-domaines-dintervention","status":"publish","type":"page","link":"https:\/\/www.soter-conseil.fr\/?page_id=96","title":{"rendered":"Nos domaines d&#8217;intervention"},"content":{"rendered":"\n<div class=\"wp-block-group has-background\" style=\"background-color:#dcdbdb\"><div class=\"wp-block-group__inner-container is-layout-constrained wp-block-group-is-layout-constrained\">\n<div class=\"wp-block-group\"><div class=\"wp-block-group__inner-container is-layout-constrained wp-block-group-is-layout-constrained\">\n<h4 class=\"wp-block-heading\">S\u00fbret\u00e9<\/h4>\n\n\n\n<p>La s\u00fbret\u00e9 vise \u00e0 prot\u00e9ger les valeurs humaines, mat\u00e9rielles et immat\u00e9rielles de votre organisation.<\/p>\n\n\n\n<div class=\"wp-block-media-text is-stacked-on-mobile\" style=\"grid-template-columns:49% auto\"><figure class=\"wp-block-media-text__media\"><img loading=\"lazy\" decoding=\"async\" width=\"635\" height=\"508\" src=\"https:\/\/www.soter-conseil.fr\/wp-content\/uploads\/2025\/03\/cadenas.jpg\" alt=\"\" class=\"wp-image-97 size-full\" srcset=\"https:\/\/www.soter-conseil.fr\/wp-content\/uploads\/2025\/03\/cadenas.jpg 635w, https:\/\/www.soter-conseil.fr\/wp-content\/uploads\/2025\/03\/cadenas-300x240.jpg 300w\" sizes=\"auto, (max-width: 635px) 100vw, 635px\" \/><\/figure><div class=\"wp-block-media-text__content\">\n<p>Nous vous aidons \u00e0 identifier les menaces, \u00e9valuer les vuln\u00e9rabilit\u00e9s, hi\u00e9rarchiser les risques et mettre en place des mesures de pr\u00e9vention, de surveillance et de protection<\/p>\n\n\n\n<p>Nous \u00e9valuons les dispositifs  de protection en place<\/p>\n\n\n\n<p>Nous vous aidons \u00e0 lutter contre les actes malveillants<\/p>\n\n\n\n<p>Nous vous conseillons sur les mesures de pr\u00e9vention, de surveillance et de protection les plus adapt\u00e9es<\/p>\n<\/div><\/div>\n<\/div><\/div>\n\n\n\n<p>Test d&#8217;intrusion , Audit, contre surveillance<\/p>\n<\/div><\/div>\n\n\n\n<div class=\"wp-block-group has-cyan-bluish-gray-background-color has-background\"><div class=\"wp-block-group__inner-container is-layout-constrained wp-block-group-is-layout-constrained\">\n<h4 class=\"wp-block-heading has-text-align-right\">Cyber s\u00e9curit\u00e9<\/h4>\n\n\n\n<p>La protection de l&#8217;information est sans aucun doute l&#8217;enjeu majeur de la protection des capacit\u00e9s op\u00e9rationnelles de l&#8217;entreprise.<\/p>\n\n\n\n<div class=\"wp-block-media-text has-media-on-the-right is-stacked-on-mobile\"><div class=\"wp-block-media-text__content\">\n<p>Nous \u00e9valuons la performance s\u00e9curitaire de votre syst\u00e8me d&#8217;information et vous indiquons les points d&#8217;am\u00e9lioration<\/p>\n\n\n\n<p>Nous pouvons prendre en charge pour vous la fonction de pilotage de la s\u00e9curit\u00e9 du SI (Syst\u00e8me d&#8217;Information)<\/p>\n\n\n\n<p>Nous vous aidons \u00e0 r\u00e9diger les documents de cadrage (PSSI, chartes, &#8230;)<\/p>\n<\/div><figure class=\"wp-block-media-text__media\"><img loading=\"lazy\" decoding=\"async\" width=\"635\" height=\"508\" src=\"https:\/\/www.soter-conseil.fr\/wp-content\/uploads\/2025\/03\/cyber.jpg\" alt=\"\" class=\"wp-image-98 size-full\" srcset=\"https:\/\/www.soter-conseil.fr\/wp-content\/uploads\/2025\/03\/cyber.jpg 635w, https:\/\/www.soter-conseil.fr\/wp-content\/uploads\/2025\/03\/cyber-300x240.jpg 300w\" sizes=\"auto, (max-width: 635px) 100vw, 635px\" \/><\/figure><\/div>\n<\/div><\/div>\n\n\n\n<div class=\"wp-block-group has-background\" style=\"background-color:#dcd8d8\"><div class=\"wp-block-group__inner-container is-layout-constrained wp-block-group-is-layout-constrained\">\n<h4 class=\"wp-block-heading\">Gestion de crise<\/h4>\n\n\n\n<p>Toutes les crises ne font pas la une des journaux. Pour autant, chaque entreprise peut y \u00eatre confront\u00e9e \u00e0 un moment de son existence.<\/p>\n\n\n\n<div class=\"wp-block-media-text is-stacked-on-mobile\"><figure class=\"wp-block-media-text__media\"><img loading=\"lazy\" decoding=\"async\" width=\"635\" height=\"508\" src=\"https:\/\/www.soter-conseil.fr\/wp-content\/uploads\/2025\/03\/canot.jpg\" alt=\"\" class=\"wp-image-99 size-full\" srcset=\"https:\/\/www.soter-conseil.fr\/wp-content\/uploads\/2025\/03\/canot.jpg 635w, https:\/\/www.soter-conseil.fr\/wp-content\/uploads\/2025\/03\/canot-300x240.jpg 300w\" sizes=\"auto, (max-width: 635px) 100vw, 635px\" \/><\/figure><div class=\"wp-block-media-text__content\">\n<p>Nous vous aidons \u00e0 \u00e9viter le plus possible ces \u00e9v\u00e8nements difficiles<\/p>\n\n\n\n<p>Nous vous pr\u00e9parons \u00e0 les affronter, en vous proposant des formations et en travaillant avec vous \u00e0 une organisation qui permette de les anticiper<\/p>\n\n\n\n<p>Nous vous accompagnons lorsque la crise survient pour vous aider \u00e0 la surmonter, \u00e0 en \u00e9viter les pi\u00e8ges et \u00e0 en retirer tous les enseignements n\u00e9cessaires pour \u00e9viter qu&#8217;elle ne se reproduise<\/p>\n<\/div><\/div>\n<\/div><\/div>\n","protected":false},"excerpt":{"rendered":"<p>S\u00fbret\u00e9<\/p>\n<p>La s\u00fbret\u00e9 vise \u00e0 prot\u00e9ger les valeurs humaines, mat\u00e9rielles et immat\u00e9rielles de votre organisation.<\/p>\n<p>Nous vous aidons \u00e0 identifier les menaces, \u00e9valuer les vuln\u00e9rabilit\u00e9s, hi\u00e9rarchiser les risques et mettre en place &#8230;<\/p>\n","protected":false},"author":1,"featured_media":0,"parent":0,"menu_order":0,"comment_status":"closed","ping_status":"closed","template":"","meta":{"iawp_total_views":19,"footnotes":""},"class_list":["post-96","page","type-page","status-publish","hentry"],"_links":{"self":[{"href":"https:\/\/www.soter-conseil.fr\/index.php?rest_route=\/wp\/v2\/pages\/96","targetHints":{"allow":["GET"]}}],"collection":[{"href":"https:\/\/www.soter-conseil.fr\/index.php?rest_route=\/wp\/v2\/pages"}],"about":[{"href":"https:\/\/www.soter-conseil.fr\/index.php?rest_route=\/wp\/v2\/types\/page"}],"author":[{"embeddable":true,"href":"https:\/\/www.soter-conseil.fr\/index.php?rest_route=\/wp\/v2\/users\/1"}],"replies":[{"embeddable":true,"href":"https:\/\/www.soter-conseil.fr\/index.php?rest_route=%2Fwp%2Fv2%2Fcomments&post=96"}],"version-history":[{"count":5,"href":"https:\/\/www.soter-conseil.fr\/index.php?rest_route=\/wp\/v2\/pages\/96\/revisions"}],"predecessor-version":[{"id":111,"href":"https:\/\/www.soter-conseil.fr\/index.php?rest_route=\/wp\/v2\/pages\/96\/revisions\/111"}],"wp:attachment":[{"href":"https:\/\/www.soter-conseil.fr\/index.php?rest_route=%2Fwp%2Fv2%2Fmedia&parent=96"}],"curies":[{"name":"wp","href":"https:\/\/api.w.org\/{rel}","templated":true}]}}